 q(1) is divided by g.
21
Let a = -737 - -1088. Suppose -55 = -2*u + a. Suppose 4*r - 579 + u = 0. Calculate the remainder when r is divided by 32.
30
Suppose -2*m + 19 + 1 = -5*g, 3*g = 2*m - 28. Calculate the remainder when m is divided by ((-19 - -31) + -6)/((1 + -2)/(-2)).
8
Suppose 4*c + 4*d - 144 = 0, d - 61 = -2*c + 8. What is the remainder when 56 is divided by c?
23
Let k = 6 - 2. Suppose 4*l - 2*a + 3*a - 115 = 0, k*a + 44 = 2*l. Let w(s) = s**2 + 4*s - 2. Calculate the remainder when l is divided by w(-6).
8
What is the remainder when 100 is divided by (738/(-90))/(32/(-10) + 3)?
18
Let y be (9/(-15) + 244/15)*-3. Let u = 116 + y. What is the remainder when u is divided by 1/((2 - 0)/70)?
34
Let o be 22/6 + (-1)/(-3). Suppose 2*y + 2*y = o, -y - 3 = -4*x. Calculate the remainder when -13*(0 - (x + 1)) is divided by 9.
8
Suppose -1750 = 58*o - 7550. Calculate the remainder when o is divided by 35.
30
Calculate the remainder when 41 is divided by 41/((-246)/360)*(-4)/10.
17
Suppose 0 = 260*v - 263*v + 354. Calculate the remainder when v is divided by 40.
38
Let t(x) = -24*x - 556. What is the remainder when 459 is divided by t(-27)?
91
Let w(d) = -2*d + 8. What is the remainder when (1354/18 - -1) + 130/(-585) is divided by w(-6)?
16
Suppose -17*f + 15*f = -2*m + 158, 4*m = 3*f + 311. Calculate the remainder when m is divided by 1 + ((-4)/(-12))/(3/261).
14
Let i be 45/(-15) - (0 + 0). Let m(u) = 2*u**3 + 1. Calculate the remainder when m(1) is divided by i*(1 + (-15)/9).
1
Suppose 277 + 92 = 3*k. Calculate the remainder when k is divided by 14.
11
Let v(b) = 7*b - 2. What is the remainder when v(3) is divided by (-11)/(-121) + 545/55?
9
Suppose -l = 3*l - 4. Let i(w) = 139*w**3 + w**2 - w + 1. Let n be i(l). Suppose -4*c = 3*c - n. Calculate the remainder when 38 is divided by c.
18
Suppose 13*b - 16*b = -30. Let m(h) = -h**3 + 9*h**2 - 7*h + 11. Suppose -4*k + 40 - 8 = 0. What is the remainder when m(k) is divided by b?
9
What is the remainder when 131 is divided by (4/2)/2*(39 + 1)?
11
Suppose -74 = -6*v + 190. Calculate the remainder when 393 is divided by v.
41
Suppose -2*f - 3*a + 45 = 0, 2*f - a - 11 = 14. Calculate the remainder when 29 is divided by f.
14
Let r(h) = h**3 + 4*h**2 + 5*h + 4. Let j be r(-3). Let c = 8 - j. Calculate the remainder when 37 is divided by c.
7
Suppose -14*d = d - 30. Suppose b - 131 + d = 0. What is the remainder when b is divided by 10?
9
Suppose 3*l = 2*l + 5*y + 55, -5*l - y + 275 = 0. Suppose 3*c = -2*c + l. Let i = -3 + c. Calculate the remainder when i is divided by 4.
0
Let i = -714 + 721. What is the remainder when 6 + -6 + (-50)/(-2) is divided by i?
4
Let g(w) = 3*w - 19. Suppose 32 = -13*q + 123. What is the remainder when 10 is divided by g(q)?
0
Let w(s) = -s**2 - 20*s - 45. What is the remainder when 72 is divided by w(-16)?
15
Suppose -79 = 3*o + n - 6*n, -o - 21 = -3*n. Calculate the remainder when 39 is divided by (-6)/o + -1 + (-652)/(-44).
11
Let o(g) = 1504*g**3 + 3*g**2 - g - 1. Let r be o(1). Suppose 0 = -14*y - 511 + r. What is the remainder when y is divided by 38?
33
Suppose z - 4*k = 99, 4*z - 7*z - k = -284. What is the remainder when 313 is divided by z?
28
Let b(l) = l**3 - 4*l**2 + 2*l + 2. Let x = 131 - 22. Suppose 108*j + 6 = x*j. What is the remainder when b(4) is divided by j?
4
Let k = -148 + 158. Let o(w) = 27*w - 3. Let x be o(2). Suppose 3*d = -0 + x. What is the remainder when d is divided by k?
7
Let j = 456 - 453. Calculate the remainder when 77 is divided by j.
2
Suppose 0 = -5*o - 3*d + 455, 3*d - 361 = o - 5*o. What is the remainder when o is divided by 24?
22
Let j(c) = -c. Suppose -5*r - 8 - 12 = -5*v, 9 = -r + 2*v. Let g(p) = -12*p - 2. Let h(l) = r*j(l) - g(l). What is the remainder when h(3) is divided by 19?
16
Let d = -11 - -37. Let n = d + -16. Let x(i) = i + 4. What is the remainder when n is divided by x(2)?
4
Let p = 310 - 296. Calculate the remainder when 65 is divided by p.
9
Suppose 360 = 5*o - 2*b + 6*b, 4*b = -o + 56. Calculate the remainder when o is divided by 10.
6
Suppose 0*w - 2*w + 2 = 0. Let p = 5 - w. What is the remainder when 8/(-16)*18/(-1) is divided by p?
1
Let f = 81 - 55. Suppose -l + 5*q = -81, -6*q + q = 4*l - 424. Calculate the remainder when l is divided by f.
23
Let n = 152 + -69. What is the remainder when 828 is divided by n?
81
Suppose 2*d - d - 5*t - 18 = 0, 30 = 4*d + t. Suppose 0 = -0*a - 4*a + d. Let i = 1 - -1. What is the remainder when i is divided by a?
0
Let f(o) = -8*o - 168. Calculate the remainder when 278 is divided by f(-30).
62
Calculate the remainder when 56 is divided by 24/36*(-30)/(-8)*6.
11
Suppose -f + 21 + 25 = 2*w, -5*w + 115 = 5*f. Let t be 1*(-6)/(-4)*-6. Let v(r) = r**3 + 9*r**2 - 10*r - 23. What is the remainder when v(t) is divided by w?
21
Let b = 108 + -46. Calculate the remainder when 740 is divided by b.
58
Suppose 20*y + 12 = 24*y. Let w(g) = -g + 8. What is the remainder when w(0) is divided by y?
2
Let t(d) = 36*d**2 + 7*d - 51*d**3 + 50*d**3 - 27*d**2 - 1. Let j = 5 - 0. What is the remainder when t(j) is divided by 34?
32
Let u = -21 + 13. Let r(d) = 2*d**2 + 14*d - 10. Calculate the remainder when 10 is divided by r(u).
4
Suppose -n = 2*n + 3*s - 441, 0 = 5*s + 20. Calculate the remainder when n is divided by 26.
21
Let n = -398 + 441. Calculate the remainder when 364 is divided by n.
20
Suppose 5*p - 3*d + 183 = 704, -d + 215 = 2*p. Let f(m) = m**3 + 4*m**2 + 7*m + 9. Let j be f(-6). Calculate the remainder when p is divided by 1 + (-1)/(3/j).
34
What is the remainder when 102 is divided by 15 - 9 - -22 - 2?
24
Suppose 270 = 22*d + 160. What is the remainder when 21 is divided by d?
1
Let o(h) = -h + 20. Let g(z) = 3*z - 1. Let c(j) = -j - 1. Let l(r) = -6*c(r) + g(r). What is the remainder when l(8) is divided by o(0)?
17
Let f = 23 - -36. Suppose 4*u = 3*g - 45, 5*u + f = 2*g + 2*g. Calculate the remainder when g is divided by 442/65 + -1 + (-4)/(-20).
5
Suppose s - 1281 + 1224 = 0. Calculate the remainder when 110 is divided by s.
53
Let l(j) = j**3 + 25*j**2 - 58*j + 47. What is the remainder when 156 is divided by l(-27)?
1
Let i = 0 - -1. Suppose -x = 124 - 125. Let z(h) = 2*h**3 + 3*h**2 - h - 1. Calculate the remainder when z(x) is divided by i.
0
Let l = -105 - -107. Suppose 0 = o + 4*v + 2, l*o + 0*o - 16 = -4*v. What is the remainder when 31 is divided by o?
13
Suppose -2*w - 39 = -5*m, 3*m - m + 5*w - 33 = 0. Suppose -2*c - m = -47. Calculate the remainder when 70 is divided by c.
13
Suppose 3*d = -i + 3, -5*d - 6*i = -i + 5. Let j = d + -11. Let t = 2 - j. What is the remainder when t is divided by 4?
3
Let k(j) = 98*j**3 + j. Suppose 3*a + 1 + 1 = -z, 4 = 3*z - a. What is the remainder when k(z) is divided by 2 - 3/((-3)/32)?
31
Let q = 148 - -370. Calculate the remainder when q is divided by 26.
24
Let a(j) be the third derivative of 0*j - 10*j**2 + 0 - 1/4*j**4 + 7/6*j**3. What is the remainder when 48 is divided by a(-3)?
23
Let z = -210 + 220. What is the remainder when z is divided by 5?
0
Let z = -8 + 4. Suppose 2*c - 2*q = 7*c - 312, 2*c - 3*q = 140. What is the remainder when c*z*(-3)/24 is divided by 11?
10
Calculate the remainder when 53 is divided by 275/(-66) - -11 - (-1)/6.
4
Let c = -2 + 68. Calculate the remainder when 128 is divided by c.
62
Let i = -1532 - -1550. Suppose n = g + 6*n - 30, 0 = -g + 2*n - 5. What is the remainder when i is divided by g?
3
Let t = -16 + 64. Suppose t*x - 51*x = -162. What is the remainder when 214 is divided by x?
52
Let l be 4/(12/81) - 1. Suppose 2*t - 3*n - l = -n, -3*t + 63 = 5*n. What is the remainder when 27 is divided by t?
11
Suppose 4*q - 14 = j, 0 = -2*q + 2*j + 3*j + 16. Suppose 0 = q*t - 5*o - 71, 2*o - o + 111 = 5*t. Calculate the remainder when 39 is divided by t.
17
Suppose -3*x + x + 132 = 2*c, -3*c - 6 = 0. What is the remainder when 271 is divided by x?
67
Suppose 0 = -3*b - 2*b. Let j be (b + 2)*198/4. Suppose -2*m = 35 - j. What is the remainder when m is divided by 17?
15
Let x(q) = -2*q**3 - 5*q**2 + 2*q - 5. Let k(s) = -s + 6. Suppose 2*i - 20 = -0*i. Let b be k(i). What is the remainder when x(b) is divided by 12?
11
Let u = -32 + 35. Suppose -u = -7*m + 67. What is the remainder when 49 i